{"id":1112,"date":"2013-06-18T10:25:37","date_gmt":"2013-06-18T08:25:37","guid":{"rendered":"http:\/\/www.wspassau.de\/sonstiges\/100jahre\/?page_id=1112"},"modified":"2013-10-04T13:23:17","modified_gmt":"2013-10-04T11:23:17","slug":"doris-pansegrau","status":"publish","type":"page","link":"https:\/\/www.wspassau.de\/sonstiges\/100jahre\/erinnerungen\/doris-pansegrau\/","title":{"rendered":"Doris Pansegrau"},"content":{"rendered":"<p><a href=\"http:\/\/www.wspassau.de\/sonstiges\/100jahre\/erinnerungen\/doris-pansegrau\/pansegrau\/\" rel=\"attachment wp-att-1114\"><img decoding=\"async\" loading=\"lazy\" class=\" wp-image-1114 alignright\" alt=\"Pansegrau\" src=\"http:\/\/www.wspassau.de\/sonstiges\/100jahre\/wp-content\/uploads\/2013\/06\/Pansegrau.jpg\" width=\"140\" height=\"170\" \/><\/a>In die Wirtschaftschule bin ich von 1982 &#8211; 1986 gegangen. Nach dem Abschluss der mittleren Reife<br \/>\nim Bereich Wirtschaft habe ich eine Lehre als Damenschneiderin absolviert und diese mit der Gesellenpr\u00fcfung<br \/>\nabgeschlossen.<\/p>\n<p>Im Anschluss kamen 3 Jahre Gesellenzeit dazu. 1992 habe ich das Studium der Bekleidungstechnik<br \/>\nauf Schlo\u00df Hohenstein begonnen und dieses mit dem Technikerschein abgeschlossen. Anschlie\u00dfend kam noch die<br \/>\nMeisterpr\u00fcfung als Damenschneidermeisterin dazu.<\/p>\n<p>Seit 1997 bin ich selbst\u00e4ndig als Damenschneidermeisterin t\u00e4tig. Seit Juli 2011 bin ich auch noch zus\u00e4tzlich zur<br \/>\nSchneiderei Inhaberin eines Trachtenmodegesch\u00e4ftes der Firma G\u00f6ssl Tracht aus Salzburg.<\/p>\n<p>All diese Stationen meines bisherigen beruflichen Werdegangs habe ich der guten Ausbildung an der<br \/>\nStaatlichen Wirtschaftschule Passau zu verdanken. Die wirtschaftlichen Aspekte der Schule sind f\u00fcr meine<br \/>\nSelbst\u00e4ndigkeit Grundvoraussetzung gewesen. Aber auch die soziale und menschliche Seite der Schulzeit haben<br \/>\nmich f\u00fcr mein weiteres Fortkommen gepr\u00e4gt.<\/p>\n<p>Ich w\u00fcnsche der Wirtschaftschule Passau alles Gute zum Hundertj\u00e4hrigen.<\/p>\n","protected":false},"excerpt":{"rendered":"<p>In die Wirtschaftschule bin ich von 1982 &#8211; 1986 gegangen. Nach dem Abschluss der mittleren Reife im Bereich Wirtschaft habe ich eine Lehre als Damenschneiderin absolviert und diese mit der Gesellenpr\u00fcfung abgeschlossen. Im Anschluss kamen 3 Jahre Gesellenzeit dazu. 1992 habe ich das Studium der Bekleidungstechnik auf Schlo\u00df Hohenstein begonnen und dieses mit dem Technikerschein [&hellip;]<\/p>\n","protected":false},"author":2,"featured_media":0,"parent":236,"menu_order":10,"comment_status":"open","ping_status":"open","template":"","meta":{"footnotes":""},"_links":{"self":[{"href":"https:\/\/www.wspassau.de\/sonstiges\/100jahre\/wp-json\/wp\/v2\/pages\/1112"}],"collection":[{"href":"https:\/\/www.wspassau.de\/sonstiges\/100jahre\/wp-json\/wp\/v2\/pages"}],"about":[{"href":"https:\/\/www.wspassau.de\/sonstiges\/100jahre\/wp-json\/wp\/v2\/types\/page"}],"author":[{"embeddable":true,"href":"https:\/\/www.wspassau.de\/sonstiges\/100jahre\/wp-json\/wp\/v2\/users\/2"}],"replies":[{"embeddable":true,"href":"https:\/\/www.wspassau.de\/sonstiges\/100jahre\/wp-json\/wp\/v2\/comments?post=1112"}],"version-history":[{"count":17,"href":"https:\/\/www.wspassau.de\/sonstiges\/100jahre\/wp-json\/wp\/v2\/pages\/1112\/revisions"}],"predecessor-version":[{"id":1115,"href":"https:\/\/www.wspassau.de\/sonstiges\/100jahre\/wp-json\/wp\/v2\/pages\/1112\/revisions\/1115"}],"up":[{"embeddable":true,"href":"https:\/\/www.wspassau.de\/sonstiges\/100jahre\/wp-json\/wp\/v2\/pages\/236"}],"wp:attachment":[{"href":"https:\/\/www.wspassau.de\/sonstiges\/100jahre\/wp-json\/wp\/v2\/media?parent=1112"}],"curies":[{"name":"wp","href":"https:\/\/api.w.org\/{rel}","templated":true}]}}