{"id":180,"date":"2013-04-03T14:51:32","date_gmt":"2013-04-03T12:51:32","guid":{"rendered":"http:\/\/www.wspassau.de\/sonstiges\/100jahre\/?page_id=180"},"modified":"2013-11-04T14:18:43","modified_gmt":"2013-11-04T12:18:43","slug":"kollegium","status":"publish","type":"page","link":"https:\/\/www.wspassau.de\/sonstiges\/100jahre\/geschichte\/kollegium\/","title":{"rendered":"Kollegium"},"content":{"rendered":"<p>Was w\u00e4re eine Schule ohne Lehrer? Sie sind es letztlich, die die Sch\u00fcler all die Jahre ihrer Schulzeit begleiten. An ihnen machen die Sch\u00fcler Erfolge und Misserfolge fest und sie bleiben nachhaltig mit ihren jeweiligen St\u00e4rken und auch Schw\u00e4chen in Erinnerung. Nicht alle Jahre \u00e4ndert sich ein Kollegium, auch nicht alle Jahrzehnte, so beschr\u00e4nken wir uns auf einige wichtige Eckdaten:<\/p>\n<p><a href=\"http:\/\/www.wspassau.de\/sonstiges\/100jahre\/geschichte\/kollegium\/abschlussklasse-1914\/\" rel=\"attachment wp-att-458\"><img decoding=\"async\" loading=\"lazy\" class=\" wp-image-458 alignleft\" alt=\"Abschlussklasse 1914\" src=\"http:\/\/www.wspassau.de\/sonstiges\/100jahre\/wp-content\/uploads\/2013\/04\/Gr\u00fcndungsklasse-1913.jpg\" width=\"235\" height=\"145\" srcset=\"https:\/\/www.wspassau.de\/sonstiges\/100jahre\/wp-content\/uploads\/2013\/04\/Gr\u00fcndungsklasse-1913.jpg 800w, https:\/\/www.wspassau.de\/sonstiges\/100jahre\/wp-content\/uploads\/2013\/04\/Gr\u00fcndungsklasse-1913-300x186.jpg 300w\" sizes=\"(max-width: 235px) 100vw, 235px\" \/><\/a><\/p>\n<p>&nbsp;<\/p>\n<p>Wer sind die Lehrer, wer sind die Sch\u00fcler? &#8211; Das Foto von 1914 l\u00e4sst auf eine harmonische Zusammenarbeit zwischen beiden Gruppen schlie\u00dfen.<\/p>\n<p>&nbsp;<\/p>\n<p>&nbsp;<\/p>\n<p>&nbsp;<\/p>\n<p>&nbsp;<\/p>\n<p><a href=\"http:\/\/www.wspassau.de\/sonstiges\/100jahre\/geschichte\/kollegium\/lehrer-1950\/\" target=\"_blank\" rel=\"attachment wp-att-459\"><img decoding=\"async\" loading=\"lazy\" class=\"alignleft  wp-image-459\" alt=\"Lehrer 1950\" src=\"http:\/\/www.wspassau.de\/sonstiges\/100jahre\/wp-content\/uploads\/2013\/04\/Lehrer_1950.jpg\" width=\"235\" height=\"140\" srcset=\"https:\/\/www.wspassau.de\/sonstiges\/100jahre\/wp-content\/uploads\/2013\/04\/Lehrer_1950.jpg 800w, https:\/\/www.wspassau.de\/sonstiges\/100jahre\/wp-content\/uploads\/2013\/04\/Lehrer_1950-300x178.jpg 300w\" sizes=\"(max-width: 235px) 100vw, 235px\" \/><\/a><\/p>\n<p>&nbsp;<\/p>\n<p>Das n\u00e4chste Foto, aufgenommen 1950, pr\u00e4sentiert das Kollegium nach der Wiederaufnahme des Unterrichts.<\/p>\n<p>&nbsp;<\/p>\n<p>&nbsp;<\/p>\n<p>&nbsp;<\/p>\n<p>&nbsp;<\/p>\n<p><a href=\"http:\/\/www.wspassau.de\/sonstiges\/100jahre\/geschichte\/kollegium\/lehrer_1963\/\" target=\"_blank\" rel=\"attachment wp-att-460\"><img decoding=\"async\" loading=\"lazy\" class=\"alignleft  wp-image-460\" alt=\"Lehrer_1963\" src=\"http:\/\/www.wspassau.de\/sonstiges\/100jahre\/wp-content\/uploads\/2013\/04\/Lehrer_1963.jpg\" width=\"235\" height=\"160\" \/><\/a><\/p>\n<p>&nbsp;<\/p>\n<p>Es folgt das Bild mit dem Kollegium von 1963, nach dem 50-j\u00e4hrigen Bestehen der Schule.<\/p>\n<p>&nbsp;<\/p>\n<p>&nbsp;<\/p>\n<p>&nbsp;<\/p>\n<p>&nbsp;<\/p>\n<p>&nbsp;<\/p>\n<p><a href=\"http:\/\/www.wspassau.de\/sonstiges\/100jahre\/geschichte\/kollegium\/kollegium-1988\/\" target=\"_blank\" rel=\"attachment wp-att-461\"><img decoding=\"async\" loading=\"lazy\" class=\"alignleft  wp-image-461\" alt=\"Kollegium 1988\" src=\"http:\/\/www.wspassau.de\/sonstiges\/100jahre\/wp-content\/uploads\/2013\/04\/Lehrer_1988.jpg\" width=\"235\" height=\"125\" srcset=\"https:\/\/www.wspassau.de\/sonstiges\/100jahre\/wp-content\/uploads\/2013\/04\/Lehrer_1988.jpg 800w, https:\/\/www.wspassau.de\/sonstiges\/100jahre\/wp-content\/uploads\/2013\/04\/Lehrer_1988-300x160.jpg 300w\" sizes=\"(max-width: 235px) 100vw, 235px\" \/><\/a><\/p>\n<p>&nbsp;<\/p>\n<p>1988 feierte die Schule ihr 75-j\u00e4hriges Jubil\u00e4um.<\/p>\n<p>&nbsp;<\/p>\n<p>&nbsp;<\/p>\n<p>&nbsp;<\/p>\n<p>&nbsp;<\/p>\n<p><a href=\"http:\/\/www.wspassau.de\/sonstiges\/100jahre\/geschichte\/kollegium\/lehrer_2013_14\/\" rel=\"attachment wp-att-1741\"><img decoding=\"async\" loading=\"lazy\" class=\"size-full wp-image-1741 alignleft\" alt=\"Lehrer_2013_14\" src=\"http:\/\/www.wspassau.de\/sonstiges\/100jahre\/wp-content\/uploads\/2013\/09\/Lehrer_2013_14.jpg\" width=\"237\" height=\"177\" srcset=\"https:\/\/www.wspassau.de\/sonstiges\/100jahre\/wp-content\/uploads\/2013\/09\/Lehrer_2013_14.jpg 800w, https:\/\/www.wspassau.de\/sonstiges\/100jahre\/wp-content\/uploads\/2013\/09\/Lehrer_2013_14-300x225.jpg 300w\" sizes=\"(max-width: 237px) 100vw, 237px\" \/><\/a><\/p>\n<p>&nbsp;<\/p>\n<p>Unser aktuelles Kollegium im Schuljahr 2013\/14<\/p>\n","protected":false},"excerpt":{"rendered":"<p>Was w\u00e4re eine Schule ohne Lehrer? Sie sind es letztlich, die die Sch\u00fcler all die Jahre ihrer Schulzeit begleiten. An ihnen machen die Sch\u00fcler Erfolge und Misserfolge fest und sie bleiben nachhaltig mit ihren jeweiligen St\u00e4rken und auch Schw\u00e4chen in Erinnerung. Nicht alle Jahre \u00e4ndert sich ein Kollegium, auch nicht alle Jahrzehnte, so beschr\u00e4nken wir [&hellip;]<\/p>\n","protected":false},"author":2,"featured_media":0,"parent":91,"menu_order":4,"comment_status":"open","ping_status":"open","template":"","meta":{"footnotes":""},"_links":{"self":[{"href":"https:\/\/www.wspassau.de\/sonstiges\/100jahre\/wp-json\/wp\/v2\/pages\/180"}],"collection":[{"href":"https:\/\/www.wspassau.de\/sonstiges\/100jahre\/wp-json\/wp\/v2\/pages"}],"about":[{"href":"https:\/\/www.wspassau.de\/sonstiges\/100jahre\/wp-json\/wp\/v2\/types\/page"}],"author":[{"embeddable":true,"href":"https:\/\/www.wspassau.de\/sonstiges\/100jahre\/wp-json\/wp\/v2\/users\/2"}],"replies":[{"embeddable":true,"href":"https:\/\/www.wspassau.de\/sonstiges\/100jahre\/wp-json\/wp\/v2\/comments?post=180"}],"version-history":[{"count":31,"href":"https:\/\/www.wspassau.de\/sonstiges\/100jahre\/wp-json\/wp\/v2\/pages\/180\/revisions"}],"predecessor-version":[{"id":182,"href":"https:\/\/www.wspassau.de\/sonstiges\/100jahre\/wp-json\/wp\/v2\/pages\/180\/revisions\/182"}],"up":[{"embeddable":true,"href":"https:\/\/www.wspassau.de\/sonstiges\/100jahre\/wp-json\/wp\/v2\/pages\/91"}],"wp:attachment":[{"href":"https:\/\/www.wspassau.de\/sonstiges\/100jahre\/wp-json\/wp\/v2\/media?parent=180"}],"curies":[{"name":"wp","href":"https:\/\/api.w.org\/{rel}","templated":true}]}}