{"id":91,"date":"2013-04-01T16:30:35","date_gmt":"2013-04-01T14:30:35","guid":{"rendered":"http:\/\/www.wspassau.de\/sonstiges\/100jahre\/?page_id=91"},"modified":"2013-10-04T12:38:40","modified_gmt":"2013-10-04T10:38:40","slug":"geschichte","status":"publish","type":"page","link":"https:\/\/www.wspassau.de\/sonstiges\/100jahre\/geschichte\/","title":{"rendered":"Geschichte"},"content":{"rendered":"<figure id=\"attachment_107\" aria-describedby=\"caption-attachment-107\" style=\"width: 140px\" class=\"wp-caption alignleft\"><a href=\"http:\/\/www.wspassau.de\/sonstiges\/100jahre\/geschichte\/fahne_vorne-kopie\/\" target=\"_blank\" rel=\"attachment wp-att-107\"><img decoding=\"async\" loading=\"lazy\" class=\" wp-image-107   \" alt=\"Fahne_Vorne - Kopie\" src=\"http:\/\/www.wspassau.de\/sonstiges\/100jahre\/wp-content\/uploads\/2013\/04\/Fahne_Vorne-Kopie-234x300.jpg\" width=\"140\" height=\"178\" srcset=\"https:\/\/www.wspassau.de\/sonstiges\/100jahre\/wp-content\/uploads\/2013\/04\/Fahne_Vorne-Kopie-234x300.jpg 234w, https:\/\/www.wspassau.de\/sonstiges\/100jahre\/wp-content\/uploads\/2013\/04\/Fahne_Vorne-Kopie.jpg 500w\" sizes=\"(max-width: 140px) 100vw, 140px\" \/><\/a><figcaption id=\"caption-attachment-107\" class=\"wp-caption-text\">Fahne der Staatlichen Wirtschaftsschule Passau<strong>100<\/strong><\/figcaption><\/figure>\n<h2><strong>100 Jahre alt oder 100 Jahre jung?<\/strong><\/h2>\n<p>Mit Stolz darf unsere Schule auf 100 Jahre ihres Bestehens zur\u00fcckblicken. Das sollte Anlass sein, genauer R\u00fcckschau zu nehmen.<\/p>\n<p><strong>Wer die Vergangenheit nicht kennt, kann die Gegenwart nicht begreifen und die Zukunft nicht gestalten. <\/strong>(Hans-Friedrich Bergmann)<\/p>\n<p>Diese oft zitierte Lebensweisheit gilt auch f\u00fcr die Staatliche Wirtschaftsschule Passau, deren Geschichte, wie sich im Folgenden zeigen wird, eng mit der Geschichte der Stadt Passau verkn\u00fcpft ist. Das Zitat weist aber auch darauf hin, dass sich unsere Schule den jeweiligen zeitlichen Anforderungen stellen muss, damit die Bestandssicherung f\u00fcr die Zukunft gew\u00e4hrleistet ist.<\/p>\n<p>Dazu ist es n\u00f6tig sich unser Schulprofil wieder einmal genauer unter die Lupe zu nehmen:<\/p>\n<figure id=\"attachment_137\" aria-describedby=\"caption-attachment-137\" style=\"width: 135px\" class=\"wp-caption alignright\"><a title=\"Fahne Hinten\" href=\"http:\/\/www.wspassau.de\/sonstiges\/100jahre\/geschichte\/fahne_hinten-kopie\/\" target=\"_blank\" rel=\"attachment wp-att-137\"><img decoding=\"async\" loading=\"lazy\" class=\"size-medium wp-image-137  \" title=\"Fahne Hinten\" alt=\"Fahne_Hinten - Kopie\" src=\"http:\/\/www.wspassau.de\/sonstiges\/100jahre\/wp-content\/uploads\/2013\/04\/Fahne_Hinten-Kopie-229x300.jpg\" width=\"135\" height=\"177\" srcset=\"https:\/\/www.wspassau.de\/sonstiges\/100jahre\/wp-content\/uploads\/2013\/04\/Fahne_Hinten-Kopie-229x300.jpg 229w, https:\/\/www.wspassau.de\/sonstiges\/100jahre\/wp-content\/uploads\/2013\/04\/Fahne_Hinten-Kopie.jpg 500w\" sizes=\"(max-width: 135px) 100vw, 135px\" \/><\/a><figcaption id=\"caption-attachment-137\" class=\"wp-caption-text\">Wahlspruch der Staatli<\/figcaption><\/figure>\n<p style=\"text-align: center;\">&#8222;<strong>Ehrsam im Handel, christlich im Wandel&#8220;<a title=\"Spruch\" href=\"http:\/\/www.wspassau.de\/sonstiges\/100jahre\/wp-content\/uploads\/2013\/04\/Fahne_Hinten-Kopie.jpg\" target=\"_blank\"><br \/>\n<\/a><\/strong><\/p>\n<p>Diesen Wahlspruch hat sich die Wirtschaftsschule im wahrsten Sinn des Wortes auf ihre Fahne geschrieben. Das Motto erscheint zwar antiquiert, doch zeigt sich bei n\u00e4herer Betrachtung auch heute noch seine G\u00fcltigkeit. Es macht zum einen deutlich, dass die Wirtschaftsschule dem kaufm\u00e4nnischen Berufsstand verbunden ist. Zum anderen werden die Werte Zuverl\u00e4ssigkeit und Ehrlichkeit angesprochen, auf die es auch heute im wirtschaftlichen Leben ankommt. Ebenso war man sich damals bewusst, dass in der beruflichen Welt trotz Ver\u00e4nderungen bzw. Wandel soziale Verpflichtungen eine Rolle spielen. Wirtschaftsethische Prinzipien weiterzugeben ist uns auch heute noch, 100 Jahre nach Gr\u00fcndung unserer Schule, ein Bildungsauftrag.<\/p>\n","protected":false},"excerpt":{"rendered":"<p>100 Jahre alt oder 100 Jahre jung? Mit Stolz darf unsere Schule auf 100 Jahre ihres Bestehens zur\u00fcckblicken. Das sollte Anlass sein, genauer R\u00fcckschau zu nehmen. Wer die Vergangenheit nicht kennt, kann die Gegenwart nicht begreifen und die Zukunft nicht gestalten. (Hans-Friedrich Bergmann) Diese oft zitierte Lebensweisheit gilt auch f\u00fcr die Staatliche Wirtschaftsschule Passau, deren [&hellip;]<\/p>\n","protected":false},"author":2,"featured_media":0,"parent":0,"menu_order":1,"comment_status":"open","ping_status":"open","template":"","meta":{"footnotes":""},"_links":{"self":[{"href":"https:\/\/www.wspassau.de\/sonstiges\/100jahre\/wp-json\/wp\/v2\/pages\/91"}],"collection":[{"href":"https:\/\/www.wspassau.de\/sonstiges\/100jahre\/wp-json\/wp\/v2\/pages"}],"about":[{"href":"https:\/\/www.wspassau.de\/sonstiges\/100jahre\/wp-json\/wp\/v2\/types\/page"}],"author":[{"embeddable":true,"href":"https:\/\/www.wspassau.de\/sonstiges\/100jahre\/wp-json\/wp\/v2\/users\/2"}],"replies":[{"embeddable":true,"href":"https:\/\/www.wspassau.de\/sonstiges\/100jahre\/wp-json\/wp\/v2\/comments?post=91"}],"version-history":[{"count":55,"href":"https:\/\/www.wspassau.de\/sonstiges\/100jahre\/wp-json\/wp\/v2\/pages\/91\/revisions"}],"predecessor-version":[{"id":105,"href":"https:\/\/www.wspassau.de\/sonstiges\/100jahre\/wp-json\/wp\/v2\/pages\/91\/revisions\/105"}],"wp:attachment":[{"href":"https:\/\/www.wspassau.de\/sonstiges\/100jahre\/wp-json\/wp\/v2\/media?parent=91"}],"curies":[{"name":"wp","href":"https:\/\/api.w.org\/{rel}","templated":true}]}}